{"id":969,"date":"2025-09-09T01:33:50","date_gmt":"2025-09-09T01:33:50","guid":{"rendered":"https:\/\/qhca.ca\/?page_id=969"},"modified":"2025-09-10T22:41:06","modified_gmt":"2025-09-10T22:41:06","slug":"movie-in-the-park-2025","status":"publish","type":"page","link":"https:\/\/qhca.ca\/?page_id=969","title":{"rendered":"Movie in the Park &#8211; 2025"},"content":{"rendered":"\n<figure class=\"wp-block-image size-large\"><img loading=\"lazy\" decoding=\"async\" width=\"791\" height=\"1024\" src=\"https:\/\/qhca.ca\/wp-content\/uploads\/2025\/09\/544490704_10163374300479293_2840426183376722866_n-791x1024.jpg\" alt=\"\" class=\"wp-image-971\" srcset=\"https:\/\/qhca.ca\/wp-content\/uploads\/2025\/09\/544490704_10163374300479293_2840426183376722866_n-791x1024.jpg 791w, https:\/\/qhca.ca\/wp-content\/uploads\/2025\/09\/544490704_10163374300479293_2840426183376722866_n-232x300.jpg 232w, https:\/\/qhca.ca\/wp-content\/uploads\/2025\/09\/544490704_10163374300479293_2840426183376722866_n-768x994.jpg 768w, https:\/\/qhca.ca\/wp-content\/uploads\/2025\/09\/544490704_10163374300479293_2840426183376722866_n-1187x1536.jpg 1187w, https:\/\/qhca.ca\/wp-content\/uploads\/2025\/09\/544490704_10163374300479293_2840426183376722866_n.jpg 1545w\" sizes=\"auto, (max-width: 791px) 100vw, 791px\" \/><\/figure>\n\n\n\n<figure class=\"wp-block-image size-large\"><img loading=\"lazy\" decoding=\"async\" width=\"791\" height=\"1024\" src=\"https:\/\/qhca.ca\/wp-content\/uploads\/2025\/09\/545808489_10163374300609293_465765099673217685_n-791x1024.jpg\" alt=\"\" class=\"wp-image-970\" srcset=\"https:\/\/qhca.ca\/wp-content\/uploads\/2025\/09\/545808489_10163374300609293_465765099673217685_n-791x1024.jpg 791w, https:\/\/qhca.ca\/wp-content\/uploads\/2025\/09\/545808489_10163374300609293_465765099673217685_n-232x300.jpg 232w, https:\/\/qhca.ca\/wp-content\/uploads\/2025\/09\/545808489_10163374300609293_465765099673217685_n-768x994.jpg 768w, https:\/\/qhca.ca\/wp-content\/uploads\/2025\/09\/545808489_10163374300609293_465765099673217685_n-1187x1536.jpg 1187w, https:\/\/qhca.ca\/wp-content\/uploads\/2025\/09\/545808489_10163374300609293_465765099673217685_n.jpg 1545w\" sizes=\"auto, (max-width: 791px) 100vw, 791px\" \/><\/figure>\n\n\n\n<p><\/p>\n\n\n\n<p>Lorem Ipsum has been the industry&#8217;s standard dummy text ever since the 1500s.<\/p>\n\n\n\n<p class=\"has-large-font-size\">Thanks to our sponsors we are able to bring these events to our community: <br><br>Gr\u00e2ce \u00e0 nos commanditaires nous pouvons produire ces \u00e9v\u00e9nements dans notre communaut\u00e9:<\/p>\n\n\n\n<figure class=\"wp-block-image size-full\"><img loading=\"lazy\" decoding=\"async\" width=\"1018\" height=\"965\" src=\"https:\/\/qhca.ca\/wp-content\/uploads\/2025\/09\/Screenshot-2025-09-08-213256.png\" alt=\"\" class=\"wp-image-977\" srcset=\"https:\/\/qhca.ca\/wp-content\/uploads\/2025\/09\/Screenshot-2025-09-08-213256.png 1018w, https:\/\/qhca.ca\/wp-content\/uploads\/2025\/09\/Screenshot-2025-09-08-213256-300x284.png 300w, https:\/\/qhca.ca\/wp-content\/uploads\/2025\/09\/Screenshot-2025-09-08-213256-768x728.png 768w\" sizes=\"auto, (max-width: 1018px) 100vw, 1018px\" \/><\/figure>\n\n\n\n<figure class=\"wp-block-image aligncenter size-large is-resized\"><img loading=\"lazy\" decoding=\"async\" width=\"1024\" height=\"886\" src=\"https:\/\/qhca.ca\/wp-content\/uploads\/2025\/09\/FVD-Logo-Files_Darkgreen-main-1024x886.png\" alt=\"\" class=\"wp-image-984\" style=\"aspect-ratio:1.3333333333333333;object-fit:contain;width:292px;height:auto\"\/><\/figure>\n","protected":false},"excerpt":{"rendered":"<p>Thanks to our sponsors we are able to bring these events to our community: Gr\u00e2ce \u00e0 nos commanditaires nous pouvons produire ces \u00e9v\u00e9nements dans notre communaut\u00e9:<\/p>\n","protected":false},"author":1,"featured_media":0,"parent":0,"menu_order":0,"comment_status":"closed","ping_status":"closed","template":"","meta":{"pagelayer_contact_templates":[],"_pagelayer_content":"","_mc_calendar":[],"footnotes":""},"class_list":["post-969","page","type-page","status-publish","hentry"],"_links":{"self":[{"href":"https:\/\/qhca.ca\/index.php?rest_route=\/wp\/v2\/pages\/969","targetHints":{"allow":["GET"]}}],"collection":[{"href":"https:\/\/qhca.ca\/index.php?rest_route=\/wp\/v2\/pages"}],"about":[{"href":"https:\/\/qhca.ca\/index.php?rest_route=\/wp\/v2\/types\/page"}],"author":[{"embeddable":true,"href":"https:\/\/qhca.ca\/index.php?rest_route=\/wp\/v2\/users\/1"}],"replies":[{"embeddable":true,"href":"https:\/\/qhca.ca\/index.php?rest_route=%2Fwp%2Fv2%2Fcomments&post=969"}],"version-history":[{"count":7,"href":"https:\/\/qhca.ca\/index.php?rest_route=\/wp\/v2\/pages\/969\/revisions"}],"predecessor-version":[{"id":988,"href":"https:\/\/qhca.ca\/index.php?rest_route=\/wp\/v2\/pages\/969\/revisions\/988"}],"wp:attachment":[{"href":"https:\/\/qhca.ca\/index.php?rest_route=%2Fwp%2Fv2%2Fmedia&parent=969"}],"curies":[{"name":"wp","href":"https:\/\/api.w.org\/{rel}","templated":true}]}}